factors of 2200410.
2, 3, 5, 23, 1063
List the prime factors of 265414.
2, 132707
List the prime factors of 71295.
3, 5, 7, 97
List the prime factors of 20155139.
83, 139, 1747
List the prime factors of 2274335.
5, 7, 9283
What are the prime factors of 323050?
2, 5, 7, 13, 71
What are the prime factors of 356500?
2, 5, 23, 31
List the prime factors of 286024.
2, 35753
What are the prime factors of 2376829?
7, 13, 26119
What are the prime factors of 5680600?
2, 5, 28403
What are the prime factors of 174660?
2, 3, 5, 41, 71
List the prime factors of 198432.
2, 3, 13, 53
What are the prime factors of 53814?
2, 3, 8969
What are the prime factors of 228956?
2, 7, 13, 17, 37
What are the prime factors of 47722?
2, 107, 223
List the prime factors of 7628518.
2, 193, 19763
List the prime factors of 1333593.
3, 71, 2087
What are the prime factors of 385875?
3, 5, 7
List the prime factors of 2290328.
2, 67, 4273
What are the prime factors of 3923507?
7, 560501
List the prime factors of 86163.
3, 7, 11, 373
What are the prime factors of 350374?
2, 239, 733
What are the prime factors of 3036385?
5, 11, 55207
What are the prime factors of 628168?
2, 233, 337
What are the prime factors of 1903972?
2, 7, 53, 1283
List the prime factors of 19116278.
2, 29, 329591
List the prime factors of 811704.
2, 3, 31, 1091
List the prime factors of 133053.
3, 44351
What are the prime factors of 5400548?
2, 127, 10631
What are the prime factors of 320553?
3, 35617
What are the prime factors of 5832206?
2, 2916103
List the prime factors of 1096591.
389, 2819
What are the prime factors of 5670334?
2, 31, 91457
What are the prime factors of 268796?
2, 11, 41, 149
What are the prime factors of 5796222?
2, 3, 83, 103, 113
List the prime factors of 326339.
13, 1931
What are the prime factors of 23107?
7, 3301
List the prime factors of 62913.
3, 67, 313
What are the prime factors of 167502?
2, 3, 27917
List the prime factors of 2834842.
2, 23, 61627
List the prime factors of 550876.
2, 41, 3359
List the prime factors of 3287204.
2, 821801
List the prime factors of 12174695.
5, 13, 187303
What are the prime factors of 11406653?
43, 265271
What are the prime factors of 85543?
131, 653
List the prime factors of 24137824.
2, 17, 44371
What are the prime factors of 492179?
677, 727
List the prime factors of 2596416.
2, 3, 13523
List the prime factors of 300584.
2, 37573
List the prime factors of 4048255.
5, 29, 27919
What are the prime factors of 20587486?
2, 83, 124021
List the prime factors of 2264542.
2, 7, 161753
What are the prime factors of 1570325?
5, 23, 2731
List the prime factors of 3476871.
3, 131, 983
What are the prime factors of 4937550?
2, 3, 5, 32917
List the prime factors of 219793.
7, 17, 1847
List the prime factors of 936144.
2, 3, 11, 197
List the prime factors of 63572.
2, 23, 691
What are the prime factors of 38802?
2, 3, 29, 223
What are the prime factors of 7830852?
2, 3, 547, 1193
List the prime factors of 17049734.
2, 13, 73, 691
List the prime factors of 760517.
67, 11351
What are the prime factors of 3821211?
3, 67, 6337
What are the prime factors of 804999?
3, 13, 20641
What are the prime factors of 567860?
2, 5, 28393
What are the prime factors of 330043?
7, 47149
List the prime factors of 53295.
3, 5, 11, 17, 19
List the prime factors of 880982.
2, 139, 3169
What are the prime factors of 54857?
11, 4987
List the prime factors of 19728181.
11, 23, 77977
List the prime factors of 143041.
313, 457
What are the prime factors of 6826922?
2, 223, 15307
What are the prime factors of 2173275?
3, 5, 13, 743
What are the prime factors of 29137?
29137
List the prime factors of 24461560.
2, 5, 79, 7741
What are the prime factors of 15344034?
2, 3, 43, 59473
List the prime factors of 965008.
2, 11, 5483
List the prime factors of 411454.
2, 409, 503
List the prime factors of 217872.
2, 3, 17, 89
What are the prime factors of 1062980?
2, 5, 53149
List the prime factors of 359948.
2, 29, 107
List the prime factors of 5256862.
2, 13, 202187
What are the prime factors of 5675697?
3, 31, 6781
What are the prime factors of 522202?
2, 261101
What are the prime factors of 2749924?
2, 687481
List the prime factors of 1081592.
2, 353, 383
What are the prime factors of 132871?
23, 53, 109
List the prime factors of 212502.
2, 3, 107, 331
List the prime factors of 4431079.
4431079
List the prime factors of 233287.
79, 2953
List the prime factors of 526071.
3, 7, 13, 41, 47
List the prime factors of 1100261.
1100261
List the prime factors of 483248.
2, 30203
List the prime factors of 13063332.
2, 3, 1088611
What are the prime factors of 977516?
2, 244379
List the prime factors of 446149.
11, 40559
List the prime factors of 683976.
2, 3, 28499
List the prime factors of 138440.
2, 5, 3461
List the prime factors of 5374692.
2, 3, 149297
List the prime factors of 1569994.
2, 181, 4337
List the prime factors of 231761.
17, 13633
List the prime factors of 359495.
5, 71899
List the prime factors of 7935623.
7935623
List the prime factors of 14844112.
2, 71, 73, 179
List the prime factors of 9347984.
2, 584249
List the prime factors of 281780.
2, 5, 73, 193
What are the prime factors of 287624?
2, 157, 229
What are the prime factors of 339388?
2, 7, 17, 23, 31
What are the prime factors of 142865?
5, 28573
List the prime factors of 13650354.
2, 3, 17, 31, 1439
List the prime factors of 1546355.
5, 309271
List the prime factors of 908419.
908419
What are the prime factors of 2644197?
3, 17, 139, 373
What are the prime factors of 687685?
5, 137537
List the prime factors of 103161.
3, 137, 251
What are the prime factors of 20173286?
2, 7, 1440949
List the prime factors of 8944250.
2, 5, 7, 19, 269
What are the prime factors of 249668?
2, 62417
What are the prime factors of 369950?
2, 5, 7, 151
What are the prime factors of 12287955?
3, 5, 461, 1777
What are the prime factors of 2388247?
2388247
What are the prime factors of 285520?
2, 5, 43, 83
What are the prime factors of 2408483?
7, 11, 31, 1009
List the prime factors of 197537.
251, 787
List the prime factors of 1417678.
2, 708839
List the prime factors of 1160075.
5, 7, 947
List the prime factors of 30865100.
2, 5, 7, 6299
List the prime factors of 129820.
2, 5, 6491
List the prime factors of 319064.
2, 39883
What are the prime factors of 213373?
31, 6883
What are the prime factors of 293891?
13, 37, 47
List the prime factors of 3666199.
101, 36299
What are the prime factors of 98360?
2, 5, 2459
What are the prime factors of 20538029?
61, 336689
List the prime factors of 19923923.
19923923
List the prime factors of 295103.
17, 17359
List the prime factors of 2160875.
5, 59, 293
List the prime factors of 2480172.
2, 3, 41, 71
What are the prime factors of 203979?
3, 67993
List the prime factors of 12711414.
2, 3, 53, 71, 563
List the prime factors of 12889531.
12889531
What are the prime factors of 664853?
7, 17, 37, 151
List the prime factors of 615441.
3, 271, 757
List the prime factors of 74551.
74551
What are the prime factors of 235768?
2, 13, 2267
What are the prime factors of 3704388?
2, 3, 197, 1567
List the prime factors of 347975.
5, 31, 449
List the prime factors of 399731.
399731
What are the prime factors of 766098?
2, 3, 4729
What are the prime factors of 2122311?
3, 707437
List the prime factors of 1197292.
2, 43, 6961
What are the prime factors of 644468?
2, 11, 97, 151
What are the prime factors of 95214?
2, 3, 7, 2267
What are the prime factors of 348948?
2, 3, 359
List the prime factors of 615325.
5, 151, 163
List the prime factors of 4808742.
2, 3, 37, 21661
List the prime factors of 58371.
3, 19457
List the prime factors of 1292251.
1292251
List the prime factors of 64182.
2, 3, 19, 563
What are the prime factors of 4889425?
5, 257, 761
What are the prime factors of 483260?
2, 5, 73, 331
List the prime factors of 169760.
2, 5, 1061
What are the prime factors of 100502?
2, 31, 1621
List the prime factors of 1356669.
3, 1861
List the prime factors of 473603.
13, 17, 2143
List the prime factors of 1621099.
19, 41, 2081
List the prime factors of 8453056.
2, 269, 491
What are the prime factors of 3383591?
59, 57349
What are the prime factors of 888195?
3, 5, 7, 11, 769
What are the prime factors of 616413?
3, 7, 149,